 digit of q?
1
What is the tens digit of ((-377455)/(-39))/(-5)*-3?
0
Suppose 2*f - 36 = -7*f. Let x be 2*(2 + -3) + f. What is the tens digit of 644/5 + x/10?
2
Let z = 53603 + -28537. What is the thousands digit of z?
5
Let b(s) = 42*s**3 - 2*s**2 - 13*s + 40. What is the units digit of b(5)?
5
Let z be ((-22)/4)/(2*2/(-120)). Suppose f + 4*h - 6*h - z = 0, -3*f + h = -495. What is the units digit of f?
5
Let j be (-10)/25*5 - (-397 - -1). Let p = j + -46. Suppose -9*r + p = 87. What is the tens digit of r?
2
Let c(l) = 19*l + 119. Let x be c(42). Suppose 4*t - 3*d = x, -d + 368 = 5*t - 764. What is the hundreds digit of t?
2
Let h(o) = -o**3 + 12*o**2 - 21*o + 24. Let v be h(10). What is the units digit of 21090/35 + 6/v?
3
Let i(g) = 2*g**3 + 38*g**2 + 30*g - 23. Let k = -264 - -249. What is the units digit of i(k)?
7
Let f be (-4 - -1) + -86 + 4 + 0. Let g = f + 233. Suppose -6*z = 5*l - z - 665, g = l - 2*z. What is the tens digit of l?
3
Suppose -5*x = -2*s - 674 - 1076, s = 5. Suppose -8*p + x = -344. What is the units digit of p?
7
Suppose 136305 = 42*f - 150581 - 452650. What is the thousands digit of f?
7
Suppose 3*k - 273 = 11*s + 13, 0 = 5*s - 20. Let u = 64 - 133. Let z = k + u. What is the tens digit of z?
4
Suppose 0 = 2*s + 2*v - 26, -s - 5*v = -49 + 16. Let k be (-4)/(s/194)*2/1. Let q = k + 375. What is the hundreds digit of q?
1
Suppose -3*j + 2890 = -d, 0 = 2*j - 136*d + 131*d - 1918. What is the hundreds digit of j?
9
Let d = -89 - -97. Let b(i) = 14*i - 46. Let w be b(d). Suppose -596 = -70*h + w*h. What is the hundreds digit of h?
1
Suppose -128*q - 5332 + 75127 = -113*q. What is the units digit of q?
3
What is the hundreds digit of ((-1196)/(-91) - 12)*287?
3
Suppose -47*l + 22*l + 55948 + 470152 = 0. What is the tens digit of l?
4
Let u(y) be the second derivative of -3/2*y**3 - 6*y + 33/2*y**2 + 0. What is the tens digit of u(-10)?
2
Suppose 66 = c - 5*z - 22, -2*z = 5*c - 467. Suppose 42 = 5*y + h, -8 = -c*h + 89*h. What is the units digit of y?
8
Let f = -5 - -6. Suppose 7 + f = 4*m. What is the tens digit of (3/m)/((-3)/(-2))*103?
0
Let g be 62/(-15) + 22/165. Let u be (-4 - -2)/(((-24)/(-15))/g). Suppose -u*n - 1 = -86. What is the tens digit of n?
1
Suppose 0 = 3*g - 23440 + 7386 - 38714. What is the thousands digit of g?
8
Suppose 0 = 10*b - 6*b - 16. Let g be (159/6)/((-2)/b). Let c = 64 + g. What is the tens digit of c?
1
Let b be (-1 + 26/8)/(39/104). Suppose b*a + 378 = 1698. What is the units digit of a?
0
Suppose -10*k = -12*k + 6. What is the tens digit of k/(105/34 + -2 + -1)?
3
Let v(g) = -2*g + 12. Let q(w) = -w + 6. Let n(z) = 5*q(z) - 2*v(z). Let h be n(3). What is the units digit of (18/12)/(5/(-2) + h)?
3
Let v(x) = -497*x + 18. Let z = 214 - 215. What is the units digit of v(z)?
5
Suppose 0*t + 4944 = -t. Let b be t/(-84)*7/2. Let h = b + -141. What is the units digit of h?
5
Let y(b) = -3*b**3 - 78*b**2 + 80*b + 30. What is the hundreds digit of y(-32)?
9
Suppose -1589483 + 4255476 + 4755920 = 171*b. What is the tens digit of b?
0
Suppose 4*z + 14 = -2*k, -3*k + 2*z - 20 = 7*z. Let d(h) = -4*h**3 - 2*h**2 - 36*h - 14. What is the tens digit of d(k)?
1
What is the units digit of (34/68)/(1/2)*-1253*-1?
3
Let p = -7 + 11. Suppose 2649 + 2268 = 5*o + 4*w, -p*o + 3*w = -3915. What is the tens digit of o?
8
Let f = 22671 + -8827. What is the ten thousands digit of f?
1
Let a be ((-1)/(-3))/(26/78). What is the tens digit of 201*(8 - a - -1)?
0
Let p = 20 + -15. Suppose 3*b = -j + 499, -8*j + 491 = -7*j - p*b. What is the tens digit of j?
9
What is the tens digit of 5405 + -1 + (-1734)/102?
8
Let x(k) = 2*k**2 - 2*k - 2. Let b be x(-1). Suppose 114 = b*v - 530. What is the tens digit of v?
2
Let k(g) = -17*g - 46. Let a be k(-3). What is the hundreds digit of a/(35/(-7)) - -1591?
5
Let g = 32438 - 22765. What is the units digit of g?
3
Suppose 6 = -3*x - 4*d, -d - 28 = 5*x - 1. Let u be (1/2)/((-1)/(6*x)). Let f = u - -48. What is the units digit of f?
6
What is the tens digit of (0 - -2762)*34*(-2)/(-34)?
2
Suppose 6*d = 2*d - 4*a - 68, -4*d + 4*a - 76 = 0. What is the hundreds digit of (-38 + d/3)*-4?
1
Suppose 14*t - 10520 = 10*t + 3*f, t = -3*f + 2630. Suppose 3*h - 2110 = 2*n + 516, -3*h + t = -n. What is the hundreds digit of h?
8
Let w(t) = 2*t**3 - t**2 - 7*t + 2. Let a be w(-4). What is the units digit of a/76 - 1098/(-4)?
3
Suppose -5*u = 1245 + 150. Let l = u - -166. Let m = l - -279. What is the tens digit of m?
6
Let t = 256 + -259. What is the hundreds digit of ((-63375)/4)/(-15) - t/(-12)?
0
Suppose -2*n + 12 = -0*n. Let r be (-1 - 67)/(n/(-9)). Let j = r + -89. What is the tens digit of j?
1
Suppose -4*i = 3*z - 262582 + 82375, -4*z = 3*i - 240262. What is the tens digit of z?
6
Suppose 13*q + 38*q - 169371 = 0. What is the thousands digit of q?
3
Suppose a + 2*c - 5*c + 56455 = 0, 225812 = -4*a + 4*c. What is the hundreds digit of (2/(-4))/(22/a)?
2
What is the hundreds digit of (-14 - 1)/(3095/(-9073302))?
9
Let d = 38202 + -17341. What is the tens digit of d?
6
Let x be 22/(-55)*10/(-4). Let k be x/((-312)/105 - -3). Let v = 73 - k. What is the units digit of v?
8
What is the thousands digit of (-225158)/(-22) + (-96)/(-176)?
0
Suppose -5*d + 13 = -12. Suppose d*t + 34 = 59. Let z = t + 38. What is the tens digit of z?
4
Let q(f) = f**3 + f**2 + 597. Let v be q(0). Let h = v - 246. What is the units digit of h?
1
Suppose -4*g - 5*g = 0. Suppose k - 249 - 684 = g. Suppose k - 53 = 5*t. What is the hundreds digit of t?
1
Let k(s) = -42*s - 216. Let i(x) = 40*x + 215. Let b(c) = 7*i(c) + 6*k(c). What is the tens digit of b(21)?
9
Let g(n) = 19*n**2 - 24*n - 124. What is the ten thousands digit of g(24)?
1
Let p(w) = -33*w - 14. Let n(f) = f**3 + 18*f**2 + f + 4. Let j be n(-18). What is the units digit of p(j)?
8
Suppose -138*p + 50*p = -383416. What is the units digit of p?
7
What is the tens digit of (420 + -419)/(2/(-4426)*1/(-3))?
3
What is the ten thousands digit of (-73987)/(-6) - (34/(-12) + 3)?
1
Let l = 557 - 521. Let r(z) = -4*z - 16. Let n be r(-11). Suppose -l = -4*c + g, -5*c + 3*g = -10*c + n. What is the units digit of c?
8
Suppose m - 3*i + 4 = 0, i + 4 = 2*m - i. Let x be (-1)/(-1) + m + 0. What is the hundreds digit of (-119 - 15)*x/(-4)?
2
Suppose -k - 2*m - 253 = -2*k, -2*k + 5*m + 511 = 0. Let g(u) = 26*u + 469. Let l be g(-23). Let q = k + l. What is the tens digit of q?
1
Suppose 252*d - 194*d = 614974. What is the hundreds digit of d?
6
Let y(m) = -2 - 49*m**2 + 2*m**3 - 23*m**2 + 44 + 122*m**2 + 84*m - m**3. What is the hundreds digit of y(-48)?
6
Let q(g) = -2*g**2 - 23*g + 17. Let l be q(-12). Suppose -1104 = -l*i - 3*i. What is the units digit of i?
8
Let k = 44986 + -26761. What is the thousands digit of k?
8
What is the ten thousands digit of 18503*(-15)/(-3)*6/30?
1
Let c be 11/(220/1365) + 1/(-4). Suppose -58*f + c*f - 10430 = 0. What is the hundreds digit of f?
0
Suppose -94*y + 41*y = -1437837. What is the ten thousands digit of y?
2
Suppose -22*j + 197851 = -281155. What is the ten thousands digit of j?
2
Let y(k) = 272*k + 28. Let b be y(4). Let w = -582 + b. What is the tens digit of w?
3
Let g(n) = 115*n + 85. Let b be g(17). Suppose -10*y = -7*y - b. What is the units digit of y?
0
Let r = 5734 - 542. What is the units digit of r?
2
Let c(p) = -15*p - 11. Let s be c(0). Let f be 14/77 + 920/22. Let h = f + s. What is the units digit of h?
1
What is the tens digit of (14 - (-540)/(-39)) + 98382/13?
6
Suppose 716 = 2*h - h. What is the units digit of 7 - 3*h/(-4)?
4
What is the tens digit of 9195 - (-54 - -50 - (1 + 6))?
0
Let v(m) = 441*m**2 - 5*m + 5. Let t be v(1). Suppose -w + 5*r = -t, 14*w - 1889 = 10*w - 5*r. What is the hundreds digit of w?
4
Suppose -624 = r + 5*s - 3403, 3*r + 2*s = 8350. What is the thousands digit of r?
2
What is the hundreds digit of (497996/115 - 8)*5/2?
8
Let v(j) = 2*j**2 + 3. Suppose 0*o - o = 0. Let h be v(o). Suppose k + 5 = -0*k, i + h*k = 52. What is the units digit of i?
7
Let q(m) = m**3 - 4*m**2 + 11*m - 11. Let a be q(7). Let r = a - 108. Let l = r + -63. What is the units digit of l?
2
Let l(n) = -5*n - 30. Let o be l(-7). Suppose -3*j + 2008 = 5*u, -o*u = j - 3*j - 2003. Let m = u + -255. What is the 